te the remainder when 567 is divided by 37.
12
What is the remainder when 95 is divided by 39?
17
Calculate the remainder when 1434 is divided by 19.
9
Calculate the remainder when 2638 is divided by 91.
90
Calculate the remainder when 140 is divided by 133.
7
Calculate the remainder when 581 is divided by 28.
21
What is the remainder when 142 is divided by 25?
17
What is the remainder when 30 is divided by 8?
6
Calculate the remainder when 289 is divided by 75.
64
Calculate the remainder when 204 is divided by 42.
36
What is the remainder when 4689 is divided by 14?
13
What is the remainder when 9623 is divided by 55?
53
What is the remainder when 1053 is divided by 24?
21
What is the remainder when 494 is divided by 11?
10
Calculate the remainder when 2185 is divided by 9.
7
What is the remainder when 294 is divided by 124?
46
What is the remainder when 862 is divided by 13?
4
What is the remainder when 15865 is divided by 7926?
13
What is the remainder when 501 is divided by 9?
6
Calculate the remainder when 528 is divided by 127.
20
What is the remainder when 187 is divided by 86?
15
Calculate the remainder when 323 is divided by 106.
5
What is the remainder when 354 is divided by 107?
33
What is the remainder when 27376 is divided by 162?
160
What is the remainder when 294 is divided by 88?
30
What is the remainder when 7873 is divided by 179?
176
What is the remainder when 212 is divided by 109?
103
What is the remainder when 43 is divided by 18?
7
Calculate the remainder when 433 is divided by 19.
15
What is the remainder when 682 is divided by 177?
151
Calculate the remainder when 737 is divided by 12.
5
What is the remainder when 602 is divided by 31?
13
Calculate the remainder when 2642 is divided by 189.
185
What is the remainder when 746 is divided by 46?
10
What is the remainder when 47 is divided by 20?
7
What is the remainder when 518 is divided by 29?
25
What is the remainder when 108 is divided by 27?
0
What is the remainder when 204 is divided by 107?
97
What is the remainder when 4853 is divided by 116?
97
Calculate the remainder when 551 is divided by 300.
251
Calculate the remainder when 132 is divided by 128.
4
Calculate the remainder when 9272 is divided by 16.
8
Calculate the remainder when 219 is divided by 63.
30
What is the remainder when 548 is divided by 10?
8
What is the remainder when 2241 is divided by 17?
14
What is the remainder when 266 is divided by 45?
41
What is the remainder when 3192 is divided by 139?
134
Calculate the remainder when 66 is divided by 31.
4
What is the remainder when 1923 is divided by 13?
12
What is the remainder when 112 is divided by 16?
0
What is the remainder when 208 is divided by 29?
5
What is the remainder when 13382 is divided by 42?
26
Calculate the remainder when 51 is divided by 8.
3
Calculate the remainder when 73 is divided by 24.
1
Calculate the remainder when 55 is divided by 28.
27
What is the remainder when 88 is divided by 11?
0
What is the remainder when 252 is divided by 16?
12
What is the remainder when 1874 is divided by 468?
2
What is the remainder when 1100 is divided by 91?
8
What is the remainder when 9 is divided by 7?
2
What is the remainder when 22 is divided by 15?
7
What is the remainder when 960 is divided by 318?
6
Calculate the remainder when 525 is divided by 106.
101
Calculate the remainder when 6404 is divided by 12.
8
What is the remainder when 317 is divided by 45?
2
What is the remainder when 11384 is divided by 99?
98
What is the remainder when 1754 is divided by 581?
11
What is the remainder when 298 is divided by 4?
2
Calculate the remainder when 1919 is divided by 20.
19
What is the remainder when 4987 is divided by 33?
4
Calculate the remainder when 98 is divided by 8.
2
Calculate the remainder when 771 is divided by 190.
11
What is the remainder when 241 is divided by 49?
45
Calculate the remainder when 137 is divided by 71.
66
Calculate the remainder when 147 is divided by 26.
17
Calculate the remainder when 82 is divided by 66.
16
What is the remainder when 39 is divided by 6?
3
What is the remainder when 155 is divided by 89?
66
What is the remainder when 30 is divided by 9?
3
Calculate the remainder when 4926 is divided by 32.
30
Calculate the remainder when 1034 is divided by 15.
14
What is the remainder when 81 is divided by 44?
37
What is the remainder when 1398 is divided by 54?
48
What is the remainder when 379 is divided by 112?
43
Calculate the remainder when 4910 is divided by 33.
26
Calculate the remainder when 295 is divided by 63.
43
What is the remainder when 115 is divided by 79?
36
What is the remainder when 108 is divided by 43?
22
Calculate the remainder when 8305 is divided by 67.
64
What is the remainder when 79 is divided by 17?
11
What is the remainder when 227 is divided by 214?
13
What is the remainder when 170 is divided by 43?
41
What is the remainder when 162 is divided by 45?
27
Calculate the remainder when 1499 is divided by 43.
37
What is the remainder when 119 is divided by 43?
33
What is the remainder when 680 is divided by 141?
116
Calculate the remainder when 1621 is divided by 134.
13
Calculate the remainder when 703 is divided by 47.
45
Calculate the remainder when 16612 is divided by 26.
24
Calculate the remainder when 834 is divided by 168.
162
What is the remainder when 29 is divided by 13?
3
What is the remainder when 167 is divided by 14?
13
What is the remainder when 276 is divided by 71?
63
Calculate the remainder when 166 is divided by 47.
25
Calculate the remainder when 3699 is divided by 37.
36
Calculate the remainder when 23 is divided by 5.
3
Calculate the remainder when 12365 is divided by 3088.
13
Calculate the remainder when 493 is divided by 63.
52
Calculate the remainder when 9211 is divided by 28.
27
Calculate the remainder when 276 is divided by 49.
31
Calculate the remainder when 11175 is divided by 162.
159
Calculate the remainder when 191 is divided by 43.
19
Calculate the remainder when 1176 is divided by 9.
6
Calculate the remainder when 416 is divided by 20.
16
What is the remainder when 859 is divided by 96?
91
What is the remainder when 254 is divided by 71?
41
Calculate the remainder when 190 is divided by 14.
8
Calculate the remainder when 146 is divided by 5.
1
Calculate the remainder when 443 is divided by 137.
32
Calculate the remainder when 456 is divided by 97.
68
What is the remainder when 510 is divided by 37?
29
What is the remainder when 134 is divided by 23?
19
What is the remainder when 295 is divided by 162?
133
Calculate the remainder when 5758 is divided by 7.
4
What is the remainder when 120 is divided by 7?
1
Calculate the remainder when 1644 is divided by 100.
44
Calculate the remainder when 201 is divided by 56.
33
Calculate the remainder when 446 is divided by 76.
66
Calculate the remainder when 1331 is divided by 89.
85
What is the remainder when 163 is divided by 161?
2
Calculate the remainder when 117 is divided by 24.
21
Calculate the remainder when 8445 is divided by 256.
253
Calculate the remainder when 1183 is divided by 170.
163
What is the remainder when 572 is divided by 17?
11
Calculate the remainder when 166 is divided by 14.
12
What is the remainder when 585 is divided by 282?
21
What is the remainder when 5063 is divided by 12?
11
What is the remainder when 71 is divided by 14?
1
Calculate the remainder when 3517 is divided by 72.
61
Calculate the remainder when 401 is divided by 132.
5
Calculate the remainder when 650 is divided by 64.
10
Calculate the remainder when 207 is divided by 105.
102
Calculate the remainder when 153 is divided by 7.
6
Calculate the remainder when 201 is divided by 14.
5
Calculate the remainder when 660 is divided by 230.
200
What is the remainder when 2783 is divided by 24?
23
What is the remainder when 62 is divided by 7?
6
Calculate the remainder when 394 is divided by 358.
36
Calculate the remainder when 51069 is divided by 114.
111
Calculate the remainder when 243 is divided by 17.
5
What is the remainder when 90 is divided by 32?
26
What is the remainder when 4595 is divided by 56?
3
Calculate the remainder when 392 is divided by 44.
40
Calculate the remainder when 4271 is divided by 330.
311
What is the r